{"id":3067,"date":"2023-01-09T16:33:45","date_gmt":"2023-01-09T19:33:45","guid":{"rendered":"https:\/\/dac.crp.ufv.br\/?page_id=3067"},"modified":"2025-03-05T14:21:21","modified_gmt":"2025-03-05T17:21:21","slug":"instrucao-para-pagamento-e-retirada-da-carteira-estudantil","status":"publish","type":"page","link":"https:\/\/dac.crp.ufv.br\/?page_id=3067","title":{"rendered":"Carteira Estudantil UFV-CRP"},"content":{"rendered":"\n<p><strong>ATEN\u00c7\u00c3O:<\/strong><\/p>\n\n\n\n<p>Para <strong>calouros<\/strong>, as carteiras estudantis ser\u00e3o geradas no pr\u00e9dio da Diretoria de Assuntos Comunit\u00e1rios <strong>exclusivamente<\/strong> nos dias 10, 11 e 12 de mar\u00e7o de 2025 (segunda a quarta-feira), de 07h30 \u00e0s 19h30.<\/p>\n\n\n\n<p>A entrega das carteiras estudantis ocorrer\u00e1 a partir do dia 13 de mar\u00e7o de 2025 (quinta-feira), no hor\u00e1rio de funcionamento mencionado anteriormente.<\/p>\n\n\n\n<p>A <strong>Carteira Estudantil<\/strong> destinada a discentes com <strong>matr\u00edcula ativa<\/strong> no <strong><em>Campus<\/em> Rio Parana\u00edba<\/strong> \u00e9 emitida pela <strong>Diretoria de Assuntos Comunit\u00e1rios, <\/strong>com o objetivo de garantir acesso ao estudante ao Restaurante Universit\u00e1rio e a Biblioteca da UFV. Para demais utiliza\u00e7\u00f5es <strong>fora da UFV<\/strong> (eventos, shows, cinemas, etc) somente \u00e9 normatizado e validado desconto utilizando a carteira com o padr\u00e3o da <strong><a rel=\"noreferrer noopener\" href=\"https:\/\/www.une.org.br\/lp\/carteira-de-estudante-oficial\/\" target=\"_blank\">UNE<\/a><\/strong>.<\/p>\n\n\n\n<p>A <strong>UFV<\/strong> n\u00e3o tem responsabilidade <strong>sobre perda ou roubo da Carteira Estudantil<\/strong>, cabendo ao <strong>DISCENTE<\/strong> o zelo pela mesma. Em caso de solicita\u00e7\u00e3o de segunda ou demais vias, dever\u00e1 ser efetuado o pagamento da taxa de emiss\u00e3o novamente).<\/p>\n\n\n\n<p>Caso o discente&nbsp;<strong>n\u00e3o tenha conclu\u00eddo o curso dentro da validade<\/strong> da Carteira Estudantil <strong>e\/ou<\/strong>&nbsp;seja estudante de&nbsp;<strong>mestrado\/doutorado<\/strong>, para a solicita\u00e7\u00e3o dever\u00e1&nbsp;<strong>obrigatoriamente<\/strong> apresentar uma <strong>declara\u00e7\u00e3o<\/strong>, emitida pelo <a href=\"https:\/\/res.crp.ufv.br\/\">Servi\u00e7o de Registro Escolar<\/a>&nbsp;(<strong>registrocrp@ufv.br<\/strong>), constando a&nbsp;<strong>previs\u00e3o de conclus\u00e3o<\/strong>&nbsp;do curso. <\/p>\n\n\n\n<p>A seguir, seguem os passos para o pagamento da taxa de emiss\u00e3o da carteira estudantil:<\/p>\n\n\n\n<p>PASSO 1:<br \/>Acessar o site do Pag Tesouro:<br \/><a href=\"https:\/\/pagtesouro.ufv.br\/\"><strong>https:\/\/pagtesouro.ufv.br\/<\/strong><\/a><\/p>\n\n\n\n<p>PASSO 2: <br \/>Clicar na op\u00e7\u00e3o:<br \/><strong>&#8220;Fazer um pagamento&#8221;<\/strong><\/p>\n\n\n\n<p>PASSO 3:<br \/>No campo <strong>&#8220;Servi\u00e7o&#8221;<\/strong> obrigatoriamente selecionar:<br \/><strong>Taxa de Emiss\u00e3o de Carteirinha (Campus Rio Parana\u00edba)<\/strong><\/p>\n\n\n\n<p>IMPORTANTE: <strong>SOMENTE<\/strong> ser\u00e3o aceitos os pagamentos devidamente identificados com o tipo de servi\u00e7o corretamente selecionado conforme descrito no &#8220;PASSO 3&#8221;.<\/p>\n\n\n\n<p>Campo &#8220;Refer\u00eancia&#8221;: (deixar em branco)<br \/>Campo &#8220;Compet\u00eancia&#8221;: (deixar em branco)<\/p>\n\n\n\n<p>PASSO 4: <br \/>Na identifica\u00e7\u00e3o do contribuinte, devera ser selecionada a Natureza Jur\u00eddica sendo <strong>&#8220;Pessoa F\u00edsica&#8221;<\/strong>.<br \/>Efetuar o preenchimento do <strong>&#8220;CPF&#8221;<\/strong> e do <strong>&#8220;Nome Completo&#8221;<\/strong>.<\/p>\n\n\n\n<p>PASSO 5:<br \/>Preencher o campo <strong>&#8220;Valor Principal&#8221;<\/strong>: <strong>R$ 10,00<\/strong> (dez reais)<br \/>Outras Dedu\u00e7\u00f5es: (deixar em branco)<br \/>Juros \/ Encargos: (deixar em branco) <br \/>Descontos Abatimentos: (deixar em branco)<br \/>Mora \/ Multa: (deixar em branco)<br \/>Outros Acr\u00e9scimos: (deixar em branco)<\/p>\n\n\n\n<p>PASSO 6: <br \/>Clicar no bot\u00e3o <strong>&#8220;Ir para o pagamento\u2026&#8221;<\/strong><br \/>Ap\u00f3s confer\u00eancia dos dados, clicar no bot\u00e3o <strong>&#8220;Pagar com PagTesouro&#8221;<\/strong><\/p>\n\n\n\n<p>PASSO 7:<br \/>Selecionar a forma de pagamento, podendo ser:<br \/><strong>&#8220;PIX&#8221;<\/strong> ou <strong>&#8220;Cart\u00e3o de Cr\u00e9dito&#8221;<\/strong><\/p>\n\n\n\n<p>Obs: para a op\u00e7\u00e3o <strong>cart\u00e3o de cr\u00e9dito<\/strong> a operadora cobra uma <strong>taxa de 2,99%<\/strong>.<\/p>\n\n\n\n<p>Ap\u00f3s selecionada a forma escolhida, clicar no bot\u00e3o <strong>&#8220;Pagar&#8221;<\/strong> e concluir o processo de pagamento.<\/p>\n\n\n\n<p>Completado o processo de pagamento, \u00e9 necess\u00e1rio ir <strong>presencialmente<\/strong> na <strong>Diretoria de Assuntos Comunit\u00e1rios<\/strong> (hor\u00e1rio de 07h30 \u00e0s 19h30 de segunda a sexta-feira) para tirar a foto. Ap\u00f3s estes procedimentos a carteira estudantil ser\u00e1 gerada, impressa e entregue ao solicitante.<\/p>\n","protected":false},"excerpt":{"rendered":"<p>ATEN\u00c7\u00c3O: Para calouros, as carteiras estudantis ser\u00e3o geradas no pr\u00e9dio da Diretoria de Assuntos Comunit\u00e1rios exclusivamente nos dias 10, 11 e 12 de mar\u00e7o de 2025 (segunda a quarta-feira), de 07h30 \u00e0s 19h30. A entrega das carteiras estudantis ocorrer\u00e1 a partir do dia 13 de mar\u00e7o de 2025 (quinta-feira), no hor\u00e1rio de funcionamento mencionado anteriormente. [&hellip;]<\/p>\n","protected":false},"author":1,"featured_media":0,"parent":0,"menu_order":0,"comment_status":"closed","ping_status":"closed","template":"","meta":{"footnotes":""},"class_list":["post-3067","page","type-page","status-publish","hentry"],"_links":{"self":[{"href":"https:\/\/dac.crp.ufv.br\/index.php?rest_route=\/wp\/v2\/pages\/3067","targetHints":{"allow":["GET"]}}],"collection":[{"href":"https:\/\/dac.crp.ufv.br\/index.php?rest_route=\/wp\/v2\/pages"}],"about":[{"href":"https:\/\/dac.crp.ufv.br\/index.php?rest_route=\/wp\/v2\/types\/page"}],"author":[{"embeddable":true,"href":"https:\/\/dac.crp.ufv.br\/index.php?rest_route=\/wp\/v2\/users\/1"}],"replies":[{"embeddable":true,"href":"https:\/\/dac.crp.ufv.br\/index.php?rest_route=%2Fwp%2Fv2%2Fcomments&post=3067"}],"version-history":[{"count":56,"href":"https:\/\/dac.crp.ufv.br\/index.php?rest_route=\/wp\/v2\/pages\/3067\/revisions"}],"predecessor-version":[{"id":3345,"href":"https:\/\/dac.crp.ufv.br\/index.php?rest_route=\/wp\/v2\/pages\/3067\/revisions\/3345"}],"wp:attachment":[{"href":"https:\/\/dac.crp.ufv.br\/index.php?rest_route=%2Fwp%2Fv2%2Fmedia&parent=3067"}],"curies":[{"name":"wp","href":"https:\/\/api.w.org\/{rel}","templated":true}]}}