{"id":3351,"date":"2025-03-20T16:41:39","date_gmt":"2025-03-20T19:41:39","guid":{"rendered":"https:\/\/dac.crp.ufv.br\/?page_id=3351"},"modified":"2025-03-20T16:54:56","modified_gmt":"2025-03-20T19:54:56","slug":"editais","status":"publish","type":"page","link":"https:\/\/dac.crp.ufv.br\/?page_id=3351","title":{"rendered":"Editais"},"content":{"rendered":"\n<p class=\"has-text-align-center\">Edital para Bolsista de 20h na Diretoria de Assuntos Comunit\u00e1rios.<\/p>\n\n\n\n<p class=\"has-text-align-center\">Inscri\u00e7\u00f5es  abertas no per\u00edodo de 24 a 28 de mar\u00e7o de 2025.<\/p>\n\n\n\n<div data-wp-interactive=\"core\/file\" class=\"wp-block-file\"><object data-wp-bind--hidden=\"!state.hasPdfPreview\" hidden class=\"wp-block-file__embed\" data=\"https:\/\/dac.crp.ufv.br\/wp-content\/uploads\/Edital-DAC-1-2025.pdf\" type=\"application\/pdf\" style=\"width:100%;height:600px\" aria-label=\"Incorporado de Edital DAC 1-2025.\"><\/object><a id=\"wp-block-file--media-1bee7dc8-3dfd-495d-83e4-384174686985\" href=\"https:\/\/dac.crp.ufv.br\/wp-content\/uploads\/Edital-DAC-1-2025.pdf\">Edital DAC 1-2025<\/a><a href=\"https:\/\/dac.crp.ufv.br\/wp-content\/uploads\/Edital-DAC-1-2025.pdf\" class=\"wp-block-file__button wp-element-button\" download aria-describedby=\"wp-block-file--media-1bee7dc8-3dfd-495d-83e4-384174686985\">Baixar<\/a><\/div>\n\n\n\n<p class=\"has-text-align-center\">Clique para baixar <\/p>\n\n\n\n<p><\/p>\n","protected":false},"excerpt":{"rendered":"<p>Edital para Bolsista de 20h na Diretoria de Assuntos Comunit\u00e1rios. Inscri\u00e7\u00f5es abertas no per\u00edodo de 24 a 28 de mar\u00e7o de 2025. Clique para baixar<\/p>\n","protected":false},"author":7,"featured_media":0,"parent":0,"menu_order":0,"comment_status":"closed","ping_status":"closed","template":"","meta":{"footnotes":""},"class_list":["post-3351","page","type-page","status-publish","hentry"],"_links":{"self":[{"href":"https:\/\/dac.crp.ufv.br\/index.php?rest_route=\/wp\/v2\/pages\/3351","targetHints":{"allow":["GET"]}}],"collection":[{"href":"https:\/\/dac.crp.ufv.br\/index.php?rest_route=\/wp\/v2\/pages"}],"about":[{"href":"https:\/\/dac.crp.ufv.br\/index.php?rest_route=\/wp\/v2\/types\/page"}],"author":[{"embeddable":true,"href":"https:\/\/dac.crp.ufv.br\/index.php?rest_route=\/wp\/v2\/users\/7"}],"replies":[{"embeddable":true,"href":"https:\/\/dac.crp.ufv.br\/index.php?rest_route=%2Fwp%2Fv2%2Fcomments&post=3351"}],"version-history":[{"count":7,"href":"https:\/\/dac.crp.ufv.br\/index.php?rest_route=\/wp\/v2\/pages\/3351\/revisions"}],"predecessor-version":[{"id":3367,"href":"https:\/\/dac.crp.ufv.br\/index.php?rest_route=\/wp\/v2\/pages\/3351\/revisions\/3367"}],"wp:attachment":[{"href":"https:\/\/dac.crp.ufv.br\/index.php?rest_route=%2Fwp%2Fv2%2Fmedia&parent=3351"}],"curies":[{"name":"wp","href":"https:\/\/api.w.org\/{rel}","templated":true}]}}

<p class="has-text-align-center">Edital para Bolsista de 20h na Diretoria de Assuntos Comunitários.</p>



<p class="has-text-align-center">Inscrições  abertas no período de 24 a 28 de março de 2025.</p>



<div data-wp-interactive="core/file" class="wp-block-file"><object data-wp-bind--hidden="!state.hasPdfPreview" hidden class="wp-block-file__embed" data="https://dac.crp.ufv.br/wp-content/uploads/Edital-DAC-1-2025.pdf" type="application/pdf" style="width:100%;height:600px" aria-label="Incorporado de Edital DAC 1-2025."></object><a id="wp-block-file--media-1bee7dc8-3dfd-495d-83e4-384174686985" href="https://dac.crp.ufv.br/wp-content/uploads/Edital-DAC-1-2025.pdf">Edital DAC 1-2025</a><a href="https://dac.crp.ufv.br/wp-content/uploads/Edital-DAC-1-2025.pdf" class="wp-block-file__button wp-element-button" download aria-describedby="wp-block-file--media-1bee7dc8-3dfd-495d-83e4-384174686985">Baixar</a></div>



<p class="has-text-align-center">Clique para baixar </p>



<p></p>

<p>Edital para Bolsista de 20h na Diretoria de Assuntos Comunitários. Inscrições abertas no período de 24 a 28 de março de 2025. Clique para baixar</p>
