{"id":7,"date":"2013-01-15T18:32:52","date_gmt":"2013-01-15T18:32:52","guid":{"rendered":"http:\/\/localhost\/dsa\/?page_id=7"},"modified":"2025-10-30T16:27:22","modified_gmt":"2025-10-30T19:27:22","slug":"inicio","status":"publish","type":"page","link":"https:\/\/dac.crp.ufv.br\/","title":{"rendered":"In\u00edcio"},"content":{"rendered":"<p>&nbsp;<\/p>\r\n<p style=\"text-align: justify;\">A Diretoria de Assuntos Comunit\u00e1rios, vinculada \u00e0 <a href=\"http:\/\/www.pcd.ufv.br\/\" target=\"_blank\" rel=\"noopener noreferrer\">Pr\u00f3-Reitoria de Assuntos Comunit\u00e1rios (PCD)<\/a>, \u00e9 formada por uma equipe multidisciplinar que tem por objetivo desenvolver a\u00e7\u00f5es em prol do bem-estar f\u00edsico, ps\u00edquico e social da comunidade acad\u00eamica, atrav\u00e9s de a\u00e7\u00f5es nos campos do <strong>Esporte e Lazer, Servi\u00e7o Social, Psicologia, Nutri\u00e7\u00e3o, Sa\u00fade e Bem-Estar.<\/strong><\/p>\r\n<p>&nbsp;<\/p>\r\n<h4>Informativos<\/h4>\r\n<ul class=\"lcp_catlist\" id=\"lcp_instance_0\"><\/ul>\r\n\r\n<p>&nbsp;<\/p>\r\n","protected":false},"excerpt":{"rendered":"<p>&nbsp; A Diretoria de Assuntos Comunit\u00e1rios, vinculada \u00e0 Pr\u00f3-Reitoria de Assuntos Comunit\u00e1rios (PCD), \u00e9 formada por uma equipe multidisciplinar que tem por objetivo desenvolver a\u00e7\u00f5es em prol do bem-estar f\u00edsico, ps\u00edquico e social da comunidade acad\u00eamica, atrav\u00e9s de a\u00e7\u00f5es nos campos do Esporte e Lazer, Servi\u00e7o Social, Psicologia, Nutri\u00e7\u00e3o, Sa\u00fade e Bem-Estar. &nbsp; Informativos &nbsp;<\/p>\n","protected":false},"author":1,"featured_media":0,"parent":0,"menu_order":0,"comment_status":"closed","ping_status":"closed","template":"no-title","meta":{"footnotes":""},"class_list":["post-7","page","type-page","status-publish","hentry"],"_links":{"self":[{"href":"https:\/\/dac.crp.ufv.br\/index.php?rest_route=\/wp\/v2\/pages\/7","targetHints":{"allow":["GET"]}}],"collection":[{"href":"https:\/\/dac.crp.ufv.br\/index.php?rest_route=\/wp\/v2\/pages"}],"about":[{"href":"https:\/\/dac.crp.ufv.br\/index.php?rest_route=\/wp\/v2\/types\/page"}],"author":[{"embeddable":true,"href":"https:\/\/dac.crp.ufv.br\/index.php?rest_route=\/wp\/v2\/users\/1"}],"replies":[{"embeddable":true,"href":"https:\/\/dac.crp.ufv.br\/index.php?rest_route=%2Fwp%2Fv2%2Fcomments&post=7"}],"version-history":[{"count":287,"href":"https:\/\/dac.crp.ufv.br\/index.php?rest_route=\/wp\/v2\/pages\/7\/revisions"}],"predecessor-version":[{"id":3411,"href":"https:\/\/dac.crp.ufv.br\/index.php?rest_route=\/wp\/v2\/pages\/7\/revisions\/3411"}],"wp:attachment":[{"href":"https:\/\/dac.crp.ufv.br\/index.php?rest_route=%2Fwp%2Fv2%2Fmedia&parent=7"}],"curies":[{"name":"wp","href":"https:\/\/api.w.org\/{rel}","templated":true}]}}

Início

<p>&nbsp;</p>
<p style="text-align: justify;">A Diretoria de Assuntos Comunitários, vinculada à <a href="http://www.pcd.ufv.br/" target="_blank" rel="noopener noreferrer">Pró-Reitoria de Assuntos Comunitários (PCD)</a>, é formada por uma equipe multidisciplinar que tem por objetivo desenvolver ações em prol do bem-estar físico, psíquico e social da comunidade acadêmica, através de ações nos campos do <strong>Esporte e Lazer, Serviço Social, Psicologia, Nutrição, Saúde e Bem-Estar.</strong></p>
<p>&nbsp;</p>
<h4>Informativos</h4>
<ul class="lcp_catlist" id="lcp_instance_0"></ul>

<p>&nbsp;</p>

<p>&nbsp; A Diretoria de Assuntos Comunitários, vinculada à Pró-Reitoria de Assuntos Comunitários (PCD), é formada por uma equipe multidisciplinar que tem por objetivo desenvolver ações em prol do bem-estar físico, psíquico e social da comunidade acadêmica, através de ações nos campos do Esporte e Lazer, Serviço Social, Psicologia, Nutrição, Saúde e Bem-Estar. &nbsp; Informativos &nbsp;</p>
